vided by 11.
10
Let v = 50 + -43. What is the remainder when 18 is divided by v?
4
Let z = 40 - 34. What is the remainder when z is divided by 4?
2
Suppose 0*w - 3*w = 4*k - 96, 0 = 5*w. Let l = -57 + 127. What is the remainder when l is divided by k?
22
Let c = 0 - -5. Let r = -162 - -231. Suppose -c*o + r + 11 = 0. What is the remainder when o is divided by 6?
4
Let i(f) = -f + 111. What is the remainder when i(0) is divided by 14?
13
What is the remainder when 38 + -2 - (6 - 5) is divided by 19?
16
Let s = 12 - -16. What is the remainder when 83 is divided by s?
27
Let u = -29 + 3. Let v = u + 42. Calculate the remainder when v is divided by 9.
7
Let k(h) = -h + 2*h + 5 + 1. What is the remainder when k(6) is divided by 7?
5
Let c be -2 - 1 - (-4)/(-4). Let x = c + 15. Let i(v) = 2*v - 8. What is the remainder when x is divided by i(7)?
5
Let m(p) = 3*p**2 - p + 4. Calculate the remainder when m(6) is divided by 11.
7
Suppose 0 = -k - 5*k + 30. Calculate the remainder when 5 is divided by k.
0
Let c = 5 + -5. Let j = 2 + c. What is the remainder when (1 + 4)*(0 - -1) is divided by j?
1
Let x(y) = 7*y**3 - 7*y**2 + 4*y - 8*y - 8*y**3. Calculate the remainder when x(-7) is divided by 10.
8
Let h(n) = -2*n + 5. Let l be h(6). Let t = -4 - l. Suppose -t*j + 145 = 2*j. Calculate the remainder when j is divided by 10.
9
Let r(g) = g - 11. Let m be r(10). Let x(c) = 4*c**3 - c**2 + 3*c - 3. What is the remainder when x(2) is divided by (-1)/(m*(-2)/(-32))?
15
Suppose -4*g - g = 180. Let n = -10 - g. Calculate the remainder when n is divided by 10.
6
What is the remainder when (2/(-3))/(8/(-420)) is divided by 9?
8
Let u(s) = 2*s**2 + 23*s - 28. What is the remainder when 18 is divided by u(-13)?
7
Let f = 72 - 49. What is the remainder when 45 is divided by f?
22
Suppose -2*s - 2*a = -a - 6, -3*s + 16 = -2*a. Let o = s - 3. What is the remainder when 1 is divided by o?
0
Let z be (13 + -7)/(4/(-6)). Let x = 16 + z. What is the remainder when 18 is divided by x?
4
Suppose 7*z = 2*z + h + 20, 4*z + 4*h - 16 = 0. Calculate the remainder when 17 is divided by z.
1
What is the remainder when 82 is divided by (0 + 4/6)*42?
26
Let u = 1 - -1. Calculate the remainder when 7 is divided by u.
1
Suppose 0 = 2*h - 4*r - 118, -5*h + r + 57 = -4*h. Calculate the remainder when h is divided by 15.
10
What is the remainder when 52 is divided by (-361)/(-38) + (-2)/4 + 0?
7
Suppose -4*f = -3*z + 11, 0 = -5*z - f + 4*f + 11. Suppose -5*c = z - 6. Calculate the remainder when 1 - c - 54/(-6) is divided by 4.
1
Suppose 14*g = 3*g + 1210. Calculate the remainder when g is divided by 14.
12
Suppose 2*c - 4 = 44. Suppose 28 = 4*f - c. Calculate the remainder when 38 is divided by f.
12
Suppose -m + 16 = -z + 4*m, -2*z + m = -4. Suppose z*c - 7 - 7 = -2*v, 0 = 2*c + 4. Calculate the remainder when 19 is divided by v.
8
Suppose 4 = j + 4*d, 4*j - 2*d + 4 = 5*j. Calculate the remainder when (32/(-6) + 2)*-3 is divided by j.
2
Let l be 41/4 - 1/4. Suppose 2*d = l + 12. What is the remainder when d is divided by (-4)/(-14) - (-104)/28?
3
Calculate the remainder when 66 is divided by (21/(-9) + 15/(-10))*-6.
20
Suppose 0 = 3*x - 18 - 93. Let k = -13 - -32. Calculate the remainder when x is divided by k.
18
Suppose 0*b - 24 = -2*b. Calculate the remainder when 33 is divided by b.
9
Let n(m) = 3*m**2 + 4*m + 2. Let t be n(-2). What is the remainder when 14 is divided by (-34)/(-6) - 4/t?
4
Suppose -5*h + 217 + 106 = 3*k, 2*h = 2*k + 126. What is the remainder when h is divided by 25?
14
Let j = 26 + -16. Let c be (5/j)/((-1)/(-14)). Let l = c - 0. Calculate the remainder when 12 is divided by l.
5
Let l = 1 - 3. Let n be (l/4)/((-2)/(-4)). Let g = 10 + n. What is the remainder when 26 is divided by g?
8
Let n(u) = 13*u**3 + u**2 - 2*u + 2. What is the remainder when 110 is divided by n(1)?
12
Let u(m) = 9*m**2 + m - 2. What is the remainder when u(-2) is divided by 348/20 + 2/(-5)?
15
Let w = 9 - 3. What is the remainder when 13 is divided by (0 - -5)/(-5 + w)?
3
Let d(c) = -8*c + 7. Calculate the remainder when d(-6) is divided by 29.
26
Let o = 14 + 12. Suppose 52 = -q - 3*q. Let b = q + 22. Calculate the remainder when o is divided by b.
8
Let f(o) = -6*o - 10. What is the remainder when f(-8) is divided by (-3)/(-6) + 25/2?
12
Suppose 3*o + 0*o - 234 = 0. Suppose 2*n = 2*u - n - o, -2*u + 86 = -5*n. Calculate the remainder when u is divided by 17.
16
Calculate the remainder when 16 is divided by ((-133)/(-49) + 4/14)*1.
1
Let d(n) = 2*n + 1. Let x be d(3). Let j(o) = 6 - o**2 - 3 + 2*o**2 - 6*o. What is the remainder when 19 is divided by j(x)?
9
Let b be 2/(-1) - 1*-14. Let o = -5 + b. What is the remainder when 12 is divided by o?
5
Suppose 3*z + 2*f - 239 = 0, 4*f + 0 + 8 = 0. Suppose -4*q + b + 148 = 36, -3*b = -4*q + 112. What is the remainder when z is divided by q?
25
Suppose 4*y - 4*p - 19 = 3*y, 4*y = -3*p + 152. Calculate the remainder when y is divided by 19.
16
Let c = 0 + 12. Suppose -5*r = 2*v - 173, -7 = -3*r - v + 97. What is the remainder when r is divided by c?
11
Let p be (29 - -1)/(6/8). What is the remainder when ((-32)/p)/((-2)/65) is divided by 9?
8
Suppose -2*p - 5*p = -385. Calculate the remainder when p is divided by 30.
25
Let k(s) = s**2 + 3*s + 2. Let m(v) = -2*v + 6. Let t(n) = -1. Let u(y) = m(y) - 3*t(y). Let p be u(6). Calculate the remainder when 3 is divided by k(p).
1
Let g(j) = j**2 - j + 28. Calculate the remainder when g(0) is divided by 15.
13
Let b(j) = -j + 2. Let k be b(4). Let t(g) = 17*g**2 - 3*g + 2. Calculate the remainder when 2 + k*2*-11 is divided by t(1).
14
Let v(k) be the first derivative of 15*k**2/2 + 2*k - 3. Calculate the remainder when v(4) is divided by 13.
10
Let x(z) = 24*z + 1. Let b be x(1). Suppose -l + 2*u = -0*l - 11, b = 5*u. What is the remainder when l is divided by 12?
9
Let l be (2 + 15/(-6))*-28. Let p = -10 + l. What is the remainder when 5 is divided by p?
1
Suppose 44 = v + v. Calculate the remainder when v is divided by 18/6 + 3 + 0.
4
Let y = -94 - -167. What is the remainder when y is divided by 25?
23
Let p(j) = 17*j. Let b = -23 + 54. What is the remainder when b is divided by p(1)?
14
What is the remainder when 93 is divided by (8/3)/((-14)/(-126))?
21
Suppose 0*r + 5*r = -5*a + 30, 5*r - 10 = 0. Calculate the remainder when 7 is divided by a.
3
Suppose -3*b + 2*l + 20 = 0, 0 = -2*b - 2*b + 5*l + 22. Suppose -4*c = 0, -4*g + 0*c + b = -2*c. Calculate the remainder when 3 is divided by g.
1
Let y(z) = -z + 14. Suppose -5*j = 2*q, -3*j - 4*q = q. Let s be y(j). Suppose g - s = -g. What is the remainder when 13 is divided by g?
6
Let c = 56 + -9. Calculate the remainder when c is divided by 16.
15
Suppose -3*z = -3*g - 40 - 74, -4*z = 3*g - 131. Let c(q) = -2*q + 1. What is the remainder when z is divided by c(-4)?
8
Let w = 9 + 0. Let l = 13 + -3. Suppose l = 3*t - t. Calculate the remainder when w is divided by t.
4
Calculate the remainder when 30 is divided by ((-6)/3)/1 - -18.
14
Let l be 2/(1*2/6). Suppose -l - 4 = -2*n. Suppose -2 = -j + n. Calculate the remainder when 19 is divided by j.
5
Let w(j) be the first derivative of -2*j**2 - 12*j - 1. Let h be w(-10). Suppose 0 = -g - 3*g + h. What is the remainder when 13 is divided by g?
6
Let w(j) be the first derivative of j**4/4 - 7*j**3/3 + 5*j**2/2 - 10*j - 3. Calculate the remainder when w(7) is divided by 13.
12
Let m = 26 - 7. Let l(n) = -n - 1. Let c be l(-3). Let s = c + m. What is the remainder when 61 is divided by s?
19
Suppose -5*k - 3*g + 2 = -16, 4*k - 4*g - 8 = 0. What is the remainder when 9 is divided by k?
0
Let y = 41 - -7. Suppose -s = -f - y, -4*s = -0*s - 3*f - 193. Calculate the remainder when s is divided by 17.
15
Let n(l) = 15*l + 4. Suppose 0*p - 2*p = -8. What is the remainder when n(p) is divided by 22?
20
Let v(l) = l**3 + 6*l**2 - 7*l + 2. Let f(t) = 2*t + 12. Let i be f(-8). Let h = 19 + i. What is the remainder when v(-6) is divided by h?
14
Suppose m + 15 = -5*j, -24 = 5*j - 3*j + 4*m. What is the remainder when 652/20 - j/5 is divided by 17?
16
What is the remainder when (561/(-66))/((-2)/12) is divided by 9?
6
Let g be 18/15 - 3/15. Calculate the remainder when (g - -5)*(-6 + 9) is divided by 5.
3
Let d